12, what is 107a26 - 7?
107a1b
In base 8, what is -2174131 + -5?
-2174136
In base 5, what is -412002 + -234?
-412241
In base 15, what is -3d0 - -51?
-37e
In base 4, what is -11 + -10033330?
-10100001
In base 16, what is -200 + 1c?
-1e4
In base 11, what is -17 + -1838?
-1854
In base 3, what is -120021 + -12210000?
-20100021
In base 5, what is 14 + -1220?
-1201
In base 4, what is 23 + 12112311?
12113000
In base 6, what is -21313 - -152?
-21121
In base 13, what is 35 - -90?
c5
In base 4, what is -10002 + -1232?
-11300
In base 2, what is -1100 - 101001001001000?
-101001001010100
In base 12, what is 40 - 373a?
-36ba
In base 3, what is -100211221 - -21?
-100211200
In base 15, what is 6d + -2d03?
-2c85
In base 3, what is -12022021011122 - -10?
-12022021011112
In base 4, what is 0 - -132033101?
132033101
In base 16, what is 7 - -1823?
182a
In base 4, what is 10310130 - 1?
10310123
In base 10, what is 932 + -179?
753
In base 10, what is 757 + 22?
779
In base 2, what is 10111 + -1000100?
-101101
In base 7, what is -4 + 133026?
133022
In base 14, what is b2c - 7?
b25
In base 14, what is -2 - -54bb?
54b9
In base 13, what is 93976b - -4?
939772
In base 15, what is -171d5 + 2?
-171d3
In base 13, what is -a9 - -4b6?
40a
In base 8, what is -102 - -77635?
77533
In base 16, what is -2 - -4869?
4867
In base 6, what is 4 - 4322201?
-4322153
In base 11, what is -279a + -767?
-3456
In base 2, what is 10001010 - -1100111?
11110001
In base 13, what is 259 + 1254?
14b0
In base 7, what is -4 - 1050654?
-1050661
In base 5, what is 432134 + 34?
432223
In base 4, what is 12123 + 30322?
103111
In base 13, what is 4c9 - 26?
4a3
In base 11, what is -12 + 24479?
24467
In base 14, what is 1 + -13c99?
-13c98
In base 15, what is -7e93 - -21?
-7e72
In base 14, what is 25 - 14d7?
-14b2
In base 3, what is 10201101121 + 1100?
10201102221
In base 11, what is -64509 + 1?
-64508
In base 14, what is -4298a - -5?
-42985
In base 5, what is 413 + -440?
-22
In base 7, what is 251451 - -1?
251452
In base 12, what is -22 - 628?
-64a
In base 5, what is 110 - 324423?
-324313
In base 10, what is -9 + -438600?
-438609
In base 4, what is 3011311 + -110?
3011201
In base 8, what is -154 + 2673?
2517
In base 9, what is 52 - 4701?
-4638
In base 11, what is -3aa7 + -309?
-4305
In base 7, what is -3152665 + 3?
-3152662
In base 2, what is -11010001100110 + -100011010?
-11010110000000
In base 16, what is -1816 + d9?
-173d
In base 3, what is 11102200112 - 0?
11102200112
In base 14, what is -c5c + -2c?
-c8a
In base 5, what is -1031110 + 0?
-1031110
In base 9, what is -66652 + -14?
-66666
In base 6, what is 441 - 3021?
-2140
In base 3, what is -122111201 + 1?
-122111200
In base 11, what is 2627 - 10?
2617
In base 15, what is 158bb - 0?
158bb
In base 13, what is 127 - 57c?
-455
In base 5, what is -111 + 32024?
31413
In base 8, what is -4 - 1106225?
-1106231
In base 10, what is 11645 - 18?
11627
In base 3, what is 20 - -10211011221?
10211012011
In base 8, what is -24 + -1026?
-1052
In base 5, what is -20 - 10401?
-10421
In base 14, what is c9 + 2418?
2503
In base 15, what is 1536 + -71?
14b5
In base 11, what is -1779 + 54?
-1725
In base 8, what is -65 + -16?
-103
In base 12, what is 29 + -5b0?
-583
In base 2, what is -1 - 10110111010001111?
-10110111010010000
In base 3, what is 11 - -1011222220?
1012000001
In base 13, what is -5 + -8bb2?
-8bb7
In base 4, what is -1233120 + 2030?
-1231030
In base 16, what is -62 - 673?
-6d5
In base 6, what is 14 + 35413?
35431
In base 4, what is -32 - 202100?
-202132
In base 7, what is -6 - -16214?
16205
In base 8, what is 0 - -4155?
4155
In base 10, what is -1 - -10983?
10982
In base 4, what is 202 + -1100122?
-1033320
In base 4, what is 2213212210 - 2?
2213212202
In base 14, what is 390 + d?
39d
In base 11, what is -351459 - -3?
-351456
In base 11, what is -5 + 1a0866?
1a0861
In base 11, what is -16539 + -72?
-16600
In base 13, what is 8 - -2356c?
23577
In base 16, what is 0 - -1f8?
1f8
In base 5, what is -4433330 - 2?
-4433332
In base 7, what is 2315 + -44?
2241
In base 6, what is 332435 - 3?
332432
In base 14, what is -1b9 - -2c?
-18b
In base 11, what is 2547 + -1062?
1495
In base 13, what is -5467 - -1?
-5466
In base 10, what is -4 + -2864?
-2868
In base 12, what is 2b - 555?
-526
In base 11, what is -51 + -424?
-475
In base 8, what is -143673 - -7?
-143664
In base 8, what is 4067623 + -4?
4067617
In base 15, what is -10a01 - 0?
-10a01
In base 16, what is 2 + -ce738?
-ce736
In base 9, what is 102541 + -4?
102536
In base 15, what is c - -2e?
3b
In base 4, what is 10010111 + 10?
10010121
In base 10, what is -13 - 190879?
-190892
In base 6, what is 1 + 3050342?
3050343
In base 12, what is -568b + 144?
-5547
In base 2, what is 110101110100100001 - 100?
110101110100011101
In base 7, what is 310 + 1403?
2013
In base 7, what is 36 - -140464?
140533
In base 5, what is -304 - 14204?
-20013
In base 12, what is -1 - -1001?
1000
In base 7, what is -1114302 + 15?
-1114254
In base 10, what is 29 - -8570?
8599
In base 4, what is 210110 - -111?
210221
In base 11, what is 188 + 223?
400
In base 6, what is 35 + -115550?
-115511
In base 7, what is 322 + 10035?
10360
In base 13, what is 12b50 + 4?
12b54
In base 12, what is 10a30 - -69?
10a99
In base 7, what is -10003130 + 0?
-10003130
In base 12, what is -b0 - -152aa?
151ba
In base 5, what is 2 + -234022?
-234020
In base 16, what is 2 - -43c6?
43c8
In base 5, what is 1242101 - 2?
1242044
In base 6, what is 11 + 154253?
154304
In base 7, what is 123 + 66262?
66415
In base 11, what is 1683a3 - -3?
1683a6
In base 9, what is 1121 + -2385?
-1264
In base 14, what is 5842 - 76?
57aa
In base 2, what is 10 + 10010011110101?
10010011110111
In base 4, what is 1 + -2310320?
-2310313
In base 5, what is 1013443203 + -1?
1013443202
In base 8, what is 134 - 20250?
-20114
In base 14, what is -4d4 - 31?
-525
In base 6, what is -1521030 + -4?
-1521034
In base 5, what is -13132014 - 3?
-13132022
In base 10, what is -1964 - -20?
-1944
In base 11, what is -132 - 371?
-4a3
In base 15, what is 281 + 1470?
1701
In base 10, what is -3046704 - -2?
-3046702
In base 12, what is 3147 - -49?
3194
In base 4, what is 112 - 203221?
-203103
In base 4, what is -22 - 2123323?
-2130011
In base 9, what is 516 - -114?
631
In base 3, what is 11 + -112000212?
-112000201
In base 4, what is 202 - -3133210?
3200012
In base 16, what is -eb - -86e?
783
In base 5, what is -440 + 114033?
113043
In base 2, what is 110110001010101011 + 10?
110110001010101101
In base 12, what is -4586 - -9?
-4579
In base 15, what is -2d82 - 3c?
-2dbe
In base 7, what is -5 - -114601?
114563
In base 8, what is 616 + 23?
641
In base 7, what is 13412 - 21?
13361
In base 9, what is 65151 - -4?
65155
In base 10, what is 16992 - -51?
17043
In base 4, what is -1 + -3012003011?
-3012003012
In base 6, what is -24 + -21030?
-21054
In base 11, what is 272 - -183?
445
In base 3, what is 11001100101 - -1000?
11001101101
In base 9, what is 1 + 307824?
307825
In base 7, what is 6020 - -566?
6616
In base 13, what is -442 - -b?
-434
In base 10, what is -54812 - 6?
-54818
In base 4, what is 2310 + 3132?
12102
In base 6, what is 2 + -230232?
-230230
In base 12, what is 21a454 - 2?
21a452
In base 9, what is -428815 - 5?
-428821
In base 7, what is -2 + -6330220?
-6330222
In base 10, what is -129476 + 5?
-129471
In base 3, what is 2201 + 1011102?
1021010
In base 5, what is -2113 + -41220?
-43333
In base 8, what is 2633175 - 4?
2633171
In base 8, what is 13 - 112704?
-112671
In base 13, what is 0 + 127a3?
127a3
In base 10, what is -6297 - 2?
-6299
In base 11, what is 4 + -56520?
-56517
In base 9, what is -315026 + 4?
-315022
In base 5, what is -303321 + -141?
-304012
In base 6, what is 120302224 + 5?
120302233
In base 3, what is -10100220 - -222002?
-2101211
In base 8, what is 5 - -45504?
45511
In base 5, what is 324331401 + 10?
324331411
In base 9, what is 465 + -4?
461
In base 9, what is -85 + -1327?
-1423
In base 16, what is cdf08 - 4?
cdf04
In base 2, what is 10011110010100001 - 1?
10011110010100000
In base 16, what is 1b + -433?
-418
In base 16, what is -2 - ec45?
-ec47
In base 12, what is 2b - 393b?
-3910
In base 16, what is 6ce6b - 8?
6ce63
In base 12, what is -966 + -57?
-a01
In base 9, what is -2 + -10561?
-10563
In bas